g(6). Suppose -5 = -3*b + a*r + 159, -b = -r - 53. What is the tens digit of b?
4
Let p = 97 - 92. Let u(d) = 6*d**2 + d - 17. What is the units digit of u(p)?
8
What is the tens digit of ((-13)/(-3))/13 + (-3580)/(-6)?
9
Let p = -5 + 7. Suppose 2*h + p = h. Let g = 16 - h. What is the units digit of g?
8
Let m = -293 - -402. What is the units digit of m?
9
Let f = 11764 - 7087. What is the thousands digit of f?
4
Let u(q) = q + 6. Let t be u(-7). Let o be -4 + t + 3 + 5. Suppose 5*g - 209 = -2*n, o*g - n - 113 = 4*n. What is the tens digit of g?
4
Suppose 0 = 14*u - 183 - 4605. What is the tens digit of u?
4
Let b(h) = 2*h**2 - 6*h + 28. Let u be b(8). Let m = u - 56. What is the units digit of m?
2
Let r(k) = k**3 + 20*k**2 - 14*k + 53. What is the hundreds digit of r(-18)?
9
Suppose x + 194 = -4*c, 20 = -7*c + 3*c. Let z be -2 - 0 - 224/2. Let a = z - x. What is the tens digit of a?
6
Let m = -28 - -17. Let q be -12*(m/(-4) - 2). What is the units digit of (-6)/q*(-69)/(-1)?
6
Suppose -2*m - 33 = -u - 0*u, 0 = 4*u + 4*m - 168. Suppose 2*c - 86 = -4*d, 4*c + 53 + u = 3*d. What is the units digit of d?
4
Let j(h) = 300*h**2 - 59*h - 183. What is the tens digit of j(-3)?
9
Let y = 549 - -115. What is the hundreds digit of y?
6
Suppose t - 5*o - 30 = 0, 2 - 44 = -5*t - 2*o. Suppose t = 3*m - 5. Suppose 5 - 20 = -m*u. What is the units digit of u?
3
Let r(q) = q**3 - 10*q**2 + 4*q - 9. Let o be r(11). Suppose 5*k + 513 = -32. Let h = o + k. What is the tens digit of h?
4
Let t = -42 + 47. Suppose t*k + 4*k - 801 = 0. What is the units digit of k?
9
Let t = 0 - -3. Let p = -44 + 94. Suppose -17 = t*r - p. What is the units digit of r?
1
Let z be ((-54)/(-3))/2 + 1. Suppose 2*w = -3*w - z. What is the units digit of (w/(-3))/(6/45)?
5
Let a = 74 - 37. Suppose -678 = -77*s + 71*s. Let w = s - a. What is the tens digit of w?
7
Suppose 2*d + 3*d - 20 = 0. Suppose 2*k + 1 - 11 = 0. Suppose 0 = 4*j - k*g - 49, 5*j - 51 = -0*g - d*g. What is the units digit of j?
1
Let b(y) = 2*y - 10. Let u be b(6). Suppose -12 = -2*p - u*p. Suppose -s + p*i + 6 = 0, 5*s + i + i - 47 = 0. What is the units digit of s?
9
Suppose -3*v + 3876 = 3*l, 2585 = 2*v + l + 2*l. What is the thousands digit of v?
1
What is the hundreds digit of -559*(-1 + 2 + -2)?
5
Let h(b) = -16*b + 32. Let c be h(-29). Suppose -94 = 3*r - c. What is the units digit of r?
4
Suppose 3*n = -12, 0 = -2*p - 2*n - 1 + 3. Suppose -28 = -p*h + 12. Suppose f = -2*l - 2, 3*l + h = 2*f - f. What is the units digit of f?
2
Let j be 0 + 1 + 7/(21/(-15)). What is the units digit of (j - 38/(-9)) + (-2424)/(-27)?
0
Let s(n) = 5 - 4 - 171*n + 6 + 172*n. Let c be s(-5). What is the tens digit of (-64)/(-12)*9/c?
2
Suppose 12*b - 13*b + 5 = 0. Suppose -4*q + 2*q - 56 = -3*f, 4*q - 86 = -b*f. What is the units digit of f?
8
Suppose -3*s + 5*t + 1 = -3, 2*s - 4*t - 2 = 0. Suppose -s*g = -3*k - 42, 0 = -2*k + k - 5. What is the units digit of g?
9
Let l = 2721 - 1595. What is the thousands digit of l?
1
Let b = 804 - 391. What is the hundreds digit of b?
4
Suppose 12*i - 16 = 10*i. Suppose -i*b + 42 = -6*b. What is the units digit of b?
1
Let x(h) = -h**3 + 10*h**2 - 15*h - 7. Let y be x(8). Let t(s) = 55*s**2 - 3*s + 2. What is the units digit of t(y)?
4
Let t(k) = 6*k + 148. What is the hundreds digit of t(18)?
2
Suppose 5*p + l = -2, -2*p - 3*p - 4*l = 8. Suppose p = 4*u - 3*j + j + 302, -2*j = -u - 80. Let w = -39 - u. What is the units digit of w?
5
Let h = 573 + -361. What is the tens digit of h?
1
Suppose 0 = -13*u + 21558 + 28895. What is the hundreds digit of u?
8
Suppose 0 = 5*o - 16397 - 2353. What is the tens digit of o?
5
Suppose 4*i - 4 = 0, 71*l - 2*i - 235 = 68*l. What is the units digit of l?
9
Let q be 11/4 + 5/20. Let m = 79 + -15. Suppose -q*w = -m - 5. What is the units digit of w?
3
Let k be ((-3)/12)/((-6)/168). Suppose 1518 = k*f + 4*f. What is the units digit of f?
8
What is the units digit of (10030/55)/2 - 2/11?
1
Let l = 13 + -11. Suppose -l*y = 4*g, 3*g - 5*y = 5*g - 16. What is the tens digit of (216/(-16))/(g/4)?
2
Let s(u) = 7*u**3 + u**2 + 5*u - 3. Let y(b) = 8*b**3 + 2*b**2 + 5*b - 4. Let g(w) = 7*s(w) - 6*y(w). What is the tens digit of g(6)?
6
Suppose -l = 4*l - 20. Suppose -4*z + l*j + 824 = 0, -4*z = -5*z - j + 202. What is the units digit of z?
4
Suppose -7*a + 2*a = -3*o - 2940, a - 590 = o. What is the hundreds digit of a?
5
Let k(u) = -26*u - 59 - 15 - 5 - 4*u. What is the hundreds digit of k(-7)?
1
Let i(a) = a + 0*a**2 - 2*a**3 - a**2 - 1 + 6*a**2 + a**3. Let r be i(5). What is the units digit of ((-12)/15)/(r/(-30))?
6
Suppose -15*g = -11*g - 20. Suppose 2*j = g*h - 624, 6*j - 238 = -2*h + j. Suppose -76 - h = -8*p. What is the units digit of p?
5
Let w = 33 + 96. Suppose 11*l = 8*l + w. Suppose 47 = 5*t - l. What is the tens digit of t?
1
What is the hundreds digit of -1835*(-12)/75*5/1?
4
Suppose -15*o + 12*o + 7401 = 3*b, -o + 5*b + 2467 = 0. What is the tens digit of o?
6
Suppose -57 = -5*c - 12. Let f = 129 + c. What is the tens digit of f?
3
Suppose 5*j + 95 = -5*l, 2*j - 3*l = -j - 45. Let n = j + 21. Suppose -4*i - 212 = -n*a, 4*a + 2*i = -i + 191. What is the tens digit of a?
5
Let u(x) = -x**2 - 14*x + 1. Let d(q) = -q + 1. Let k(m) = -m. Let f(z) = -2*d(z) - k(z). Let a be f(-3). What is the units digit of u(a)?
4
Let q = 11 + -22. Let z(c) = -c**2 - 12*c + 14. What is the tens digit of z(q)?
2
Suppose 2*l - 4588 = 2*o, 3262 + 3595 = 3*l + 2*o. What is the units digit of l?
9
Let v = -57 + 60. Suppose -v*n + 601 = 88. What is the tens digit of n?
7
Let t(u) = -u**3 - 5*u**2 - 6*u - 7. Let c be t(-7). Let h = c - 71. What is the tens digit of h?
6
Let d(a) be the third derivative of a**5/20 - 3*a**4/8 - 7*a**3/6 + 24*a**2. What is the units digit of d(-3)?
7
Suppose 76*y - 116028 = 10*y. What is the tens digit of y?
5
What is the hundreds digit of ((-381)/(-4))/(30/8 - 3)?
1
Suppose r - 3*k - 1658 = 3045, 9*k + 4721 = r. What is the thousands digit of r?
4
Suppose y = h - 10, 2*y = -h + y. Suppose 0 = 4*v - u - 5, -2*v = 2*v - 4*u + 4. Suppose -v*i - h = -53. What is the tens digit of i?
2
Let u = -273 - -535. What is the hundreds digit of u?
2
Suppose -3*c = -2*r - 2*r + 23, -2*r + 1 = -5*c. Suppose 5*u + 21 = i, -3*u - 6 = -2*i + r. What is the units digit of (4/5)/(i/15)?
2
Let z(a) = a**3 - a**2 - 3*a + 21. Let j(i) = -i**3 - 3*i**2 + 3. Let t be j(-3). Let v be 4 - (1 + 0 + t). What is the tens digit of z(v)?
2
Let z(l) be the first derivative of -53*l**2/2 - 16*l + 17. What is the units digit of z(-5)?
9
Let y = 68 - 74. What is the units digit of (-24)/y - (-1 - 35)?
0
Let o = -32 - -37. Suppose o*w = w + 3*q + 201, -245 = -5*w + 5*q. What is the tens digit of w?
5
Let d(y) = 541*y - 86. What is the tens digit of d(1)?
5
Let f = 146 + -85. What is the tens digit of f?
6
Let l be 8/3*(-4 + 7). Suppose 0 - l = -2*x, -j = -x - 18. What is the units digit of j?
2
Let d be (-33)/(-7) + 4/14. Suppose -71 + 51 = -4*b. Suppose a + 4 + 1 = 0, -d*p + 205 = -b*a. What is the units digit of p?
6
Let z = 123 + 17. Suppose r - z = -2*c, -5*c - 4*r = -7*r - 328. Suppose d - 43 = 3*i, 2*d + i - c - 11 = 0. What is the tens digit of d?
4
Suppose -18*y + 19639 + 4733 = 0. What is the hundreds digit of y?
3
Let u(i) = 107*i - 13. Let h(c) = -53*c + 6. Let g(z) = 5*h(z) + 2*u(z). What is the tens digit of g(-4)?
0
Let y = -3101 + 4663. What is the hundreds digit of y?
5
Let x(c) = c - 8. Suppose 4*y + 4*k + 40 = 0, -k - 18 = 5*y + 28. Let d = y - -18. What is the units digit of x(d)?
1
Let y be ((-21)/(-6) - 3)*572. Suppose 0 = 4*f - y + 2. What is the tens digit of f?
7
Let j be (-40)/(-45)*(-9)/(-2). Suppose -1260 = -5*l + 4*n, 0 = -3*l - j*n - n + 793. What is the hundreds digit of l?
2
What is the hundreds digit of 4/(-72)*-9 + 4486/4?
1
Let c(z) = 3*z**2 + 39*z + 11. What is the hundreds digit of c(-18)?
2
Let l(b) = 31*b**2 + 13*b - 32. What is the tens digit of l(3)?
8
Let x(z) be the third derivative of z**5/60 - 3*z**4/8 + 8*z**3/3 + 8*z**2. What is the units digit of x(7)?
2
Suppose 1019*m - 998*m - 122661 = 0. What is the tens digit of m?
4
Suppose 4*i - 4378 = 2*j, 1489 = 3*i - 5*j - 1784. What is the units digit of i?
6
Let m be (-252)/(-27) - (-4)/6. Supp